{"id":258,"date":"2018-01-22T10:17:40","date_gmt":"2018-01-22T14:17:40","guid":{"rendered":"http:\/\/ayuntamiento.o\/transparencia\/?page_id=258"},"modified":"2022-02-21T14:14:49","modified_gmt":"2022-02-21T18:14:49","slug":"responsable-de-acceso-a-la-informacion","status":"publish","type":"page","link":"https:\/\/ayuntamientoconsuelo.gob.do\/transparencia\/responsable-de-acceso-a-la-informacion\/","title":{"rendered":"Responsable de Acceso a la Informaci\u00f3n"},"content":{"rendered":"\n<p><strong>YAINDRY RINCON SOSA <\/strong>, naci\u00f3 el\u00a0 09 de Abril\u00a0 del 1989, en\u00a0 la Provincia\u00a0 San Pedro Macor\u00eds , hija de los se\u00f1ores Rafael Rinc\u00f3n de los Santo\u00a0 y Berkis Sosa Sosa es la\u00a0 2 de una familia de tres\u00a0 hermanas; tiene 1 hijo el cual Dylan Argenis V\u00e1squez Rinc\u00f3n .<\/p>\n<p>Iniciando sus estudios primarios (1ro-8vo) en\u00a0 la Escuela Divina Providencia\u00a0 en el Municipio Consuelo, y concluy\u00f3 los secundarios en el Liceo Sor Ana Nolan\u00a0 (1ro y 4to) en San Pedro de Macor\u00eds.<\/p>\n<p>Licenciada\u00a0 en Derecho\u00a0 en la Universidad Central del Este ( UCE.,<\/p>\n<h2>Liderazgo Pol\u00edtico.<\/h2>\n<p>La carrera pol\u00edtica de YAINDRY RINCON SOSA\u00a0 se inici\u00f3 con el PRD en el a\u00f1o 2016, donde asumi\u00f3\u00a0 cargo de Asistente Financiero y el 2019 asumi\u00f3 el cargo de la Oficina Libre Acceso a la Informaci\u00f3n\u00a0 \u00a0 hasta la Actualidad.<\/p>\n","protected":false},"excerpt":{"rendered":"YAINDRY RINCON SOSA , naci\u00f3 el\u00a0 09 de Abril\u00a0 del 1989, en\u00a0 la Provincia\u00a0 San Pedro Macor\u00eds , hija de los se\u00f1ores Rafael Rinc\u00f3n de los Santo\u00a0 y Berkis Sosa Sosa es la\u00a0 2 de una familia de tres\u00a0 hermanas; tiene 1 hijo el cual Dylan Argenis V\u00e1squez Rinc\u00f3n . Iniciando sus estudios primarios (1ro-8vo)&#8230;","protected":false},"author":3,"featured_media":0,"parent":0,"menu_order":0,"comment_status":"closed","ping_status":"closed","template":"","meta":[],"_links":{"self":[{"href":"https:\/\/ayuntamientoconsuelo.gob.do\/transparencia\/wp-json\/wp\/v2\/pages\/258"}],"collection":[{"href":"https:\/\/ayuntamientoconsuelo.gob.do\/transparencia\/wp-json\/wp\/v2\/pages"}],"about":[{"href":"https:\/\/ayuntamientoconsuelo.gob.do\/transparencia\/wp-json\/wp\/v2\/types\/page"}],"author":[{"embeddable":true,"href":"https:\/\/ayuntamientoconsuelo.gob.do\/transparencia\/wp-json\/wp\/v2\/users\/3"}],"replies":[{"embeddable":true,"href":"https:\/\/ayuntamientoconsuelo.gob.do\/transparencia\/wp-json\/wp\/v2\/comments?post=258"}],"version-history":[{"count":2,"href":"https:\/\/ayuntamientoconsuelo.gob.do\/transparencia\/wp-json\/wp\/v2\/pages\/258\/revisions"}],"predecessor-version":[{"id":387,"href":"https:\/\/ayuntamientoconsuelo.gob.do\/transparencia\/wp-json\/wp\/v2\/pages\/258\/revisions\/387"}],"wp:attachment":[{"href":"https:\/\/ayuntamientoconsuelo.gob.do\/transparencia\/wp-json\/wp\/v2\/media?parent=258"}],"curies":[{"name":"wp","href":"https:\/\/api.w.org\/{rel}","templated":true}]}}